late the remainder when 8779542 is divided by 2194868.
70
What is the remainder when 269134459 is divided by 196?
195
What is the remainder when 1616456 is divided by 559?
387
Calculate the remainder when 102446 is divided by 50640.
1166
Calculate the remainder when 22997551 is divided by 948.
19
What is the remainder when 2380851 is divided by 2388?
15
What is the remainder when 25514420 is divided by 121?
118
Calculate the remainder when 1020574 is divided by 94.
16
Calculate the remainder when 496446 is divided by 165478.
12
What is the remainder when 65487587 is divided by 16371887?
39
Calculate the remainder when 595416 is divided by 118878.
1026
What is the remainder when 5897 is divided by 1380?
377
What is the remainder when 345434 is divided by 115047?
293
Calculate the remainder when 1567020 is divided by 47.
40
What is the remainder when 5547334 is divided by 1849072?
118
What is the remainder when 3103592 is divided by 49?
30
Calculate the remainder when 1117627 is divided by 159661.
0
Calculate the remainder when 4403844 is divided by 1650.
1644
What is the remainder when 1777716 is divided by 136?
60
What is the remainder when 10634 is divided by 3891?
2852
Calculate the remainder when 1052976 is divided by 2532.
2196
Calculate the remainder when 2792565 is divided by 8336.
5
What is the remainder when 120609806 is divided by 366?
362
Calculate the remainder when 73519 is divided by 9132.
463
What is the remainder when 95805 is divided by 94477?
1328
Calculate the remainder when 240463 is divided by 46.
21
Calculate the remainder when 819607 is divided by 25.
7
Calculate the remainder when 22931 is divided by 22847.
84
Calculate the remainder when 2285258 is divided by 126.
122
Calculate the remainder when 186540 is divided by 91.
81
Calculate the remainder when 2344790 is divided by 4864.
342
What is the remainder when 1518343 is divided by 303667?
8
What is the remainder when 7862380 is divided by 286?
240
What is the remainder when 840742 is divided by 15904?
13734
Calculate the remainder when 1612294 is divided by 61.
3
Calculate the remainder when 501800 is divided by 250763.
274
Calculate the remainder when 406852 is divided by 5650.
52
Calculate the remainder when 50131573 is divided by 63.
16
What is the remainder when 16411259 is divided by 10?
9
Calculate the remainder when 861589 is divided by 3531.
25
What is the remainder when 133605 is divided by 14774?
639
What is the remainder when 1104362 is divided by 157763?
21
What is the remainder when 26972 is divided by 12180?
2612
What is the remainder when 81940 is divided by 78402?
3538
What is the remainder when 2026113 is divided by 214?
175
What is the remainder when 13324839 is divided by 5801?
5743
Calculate the remainder when 47784 is divided by 43.
11
What is the remainder when 90868 is divided by 78?
76
Calculate the remainder when 12739093 is divided by 223.
218
Calculate the remainder when 1462028 is divided by 426.
422
What is the remainder when 20278188 is divided by 410?
408
What is the remainder when 3207804 is divided by 44?
28
Calculate the remainder when 138437 is divided by 34593.
65
Calculate the remainder when 182430 is divided by 1545.
120
What is the remainder when 6247095 is divided by 10845?
375
What is the remainder when 5780137 is divided by 304215?
52
What is the remainder when 147903 is divided by 116?
3
Calculate the remainder when 14219 is divided by 2190.
1079
Calculate the remainder when 1751284 is divided by 6.
4
What is the remainder when 47016 is divided by 6323?
2755
What is the remainder when 3128613 is divided by 2292?
33
Calculate the remainder when 115155398 is divided by 3772.
10
What is the remainder when 86654 is divided by 1215?
389
What is the remainder when 48156303 is divided by 7?
6
Calculate the remainder when 3291121 is divided by 26120.
1
Calculate the remainder when 5381436 is divided by 283230.
66
What is the remainder when 346502 is divided by 182?
156
Calculate the remainder when 135905 is divided by 367.
115
What is the remainder when 1899332 is divided by 9591?
314
Calculate the remainder when 24329532 is divided by 15.
12
What is the remainder when 1037595 is divided by 129699?
3
Calculate the remainder when 7222620 is divided by 280.
20
Calculate the remainder when 7414790 is divided by 119.
19
Calculate the remainder when 16548093 is divided by 96.
93
Calculate the remainder when 48805322 is divided by 572.
566
Calculate the remainder when 626550026 is divided by 4012.
4010
Calculate the remainder when 5588338 is divided by 47.
38
What is the remainder when 199402 is divided by 99650?
102
What is the remainder when 15495429 is divided by 336857?
7
Calculate the remainder when 8910938 is divided by 618.
614
Calculate the remainder when 29802327 is divided by 508.
507
Calculate the remainder when 258974 is divided by 10690.
2414
What is the remainder when 902378 is divided by 60041?
1763
Calculate the remainder when 424913 is divided by 279.
275
Calculate the remainder when 28327 is divided by 1493.
1453
Calculate the remainder when 466221 is divided by 585.
561
What is the remainder when 318138 is divided by 158937?
264
What is the remainder when 7119974 is divided by 116?
10
What is the remainder when 15039593 is divided by 227870?
173
What is the remainder when 401910 is divided by 401802?
108
What is the remainder when 38171 is divided by 3159?
263
What is the remainder when 507996 is divided by 100?
96
Calculate the remainder when 184263 is divided by 152.
39
What is the remainder when 40028 is divided by 9946?
244
What is the remainder when 3132236 is divided by 2641?
10
What is the remainder when 713956 is divided by 713913?
43
What is the remainder when 26649023 is divided by 436869?
14
Calculate the remainder when 7667602 is divided by 5347.
4
Calculate the remainder when 79000222 is divided by 1490570.
12
What is the remainder when 29323 is divided by 28192?
1131
What is the remainder when 27432044 is divided by 1192697?
13
What is the remainder when 29387743 is divided by 92?
91
What is the remainder when 9341233 is divided by 97304?
49
Calculate the remainder when 53994999 is divided by 94.
83
Calculate the remainder when 4447228 is divided by 2524.
2464
Calculate the remainder when 680413 is divided by 340203.
7
Calculate the remainder when 846991 is divided by 55.
46
What is the remainder when 17045 is divided by 15341?
1704
Calculate the remainder when 31392 is divided by 10047.
1251
What is the remainder when 1821341423 is divided by 687?
686
Calculate the remainder when 81427 is divided by 707.
122
What is the remainder when 6629700 is divided by 210?
0
Calculate the remainder when 29319690 is divided by 32.
10
Calculate the remainder when 4883026 is divided by 190.
26
Calculate the remainder when 14404725 is divided by 376.
165
What is the remainder when 8550769 is divided by 2011?
2008
What is the remainder when 1755248934 is divided by 55?
54
Calculate the remainder when 117788 is divided by 330.
308
What is the remainder when 1182502 is divided by 107499?
13
What is the remainder when 4886932 is divided by 542985?
67
What is the remainder when 154649645 is divided by 16?
13
What is the remainder when 174636 is divided by 58196?
48
What is the remainder when 9716137 is divided by 621?
592
Calculate the remainder when 37040271 is divided by 18520101.
69
Calculate the remainder when 122469 is divided by 40808.
45
What is the remainder when 3354677 is divided by 27?
8
Calculate the remainder when 1737836 is divided by 1114.
1110
What is the remainder when 1655847 is divided by 2706?
2481
What is the remainder when 193184 is divided by 811?
166
What is the remainder when 823847 is divided by 74894?
13
What is the remainder when 16307765 is divided by 844?
841
What is the remainder when 30503339 is divided by 811?
7
What is the remainder when 11494 is divided by 1088?
614
Calculate the remainder when 138067 is divided by 2467.
2382
Calculate the remainder when 146690 is divided by 462.
236
Calculate the remainder when 15699593 is divided by 3139915.
18
Calculate the remainder when 23275404 is divided by 81.
54
What is the remainder when 48735612 is divided by 48735610?
2
What is the remainder w